inder when 148 is divided by 52?
44
What is the remainder when 137 is divided by 29?
21
What is the remainder when 238 is divided by 9?
4
Calculate the remainder when 3525 is divided by 24.
21
Calculate the remainder when 378 is divided by 181.
16
Calculate the remainder when 899 is divided by 30.
29
What is the remainder when 468 is divided by 133?
69
Calculate the remainder when 688 is divided by 15.
13
Calculate the remainder when 133 is divided by 9.
7
Calculate the remainder when 220 is divided by 8.
4
Calculate the remainder when 127 is divided by 66.
61
Calculate the remainder when 9289 is divided by 86.
1
What is the remainder when 177 is divided by 40?
17
Calculate the remainder when 7503 is divided by 112.
111
Calculate the remainder when 966 is divided by 48.
6
What is the remainder when 144 is divided by 37?
33
What is the remainder when 93 is divided by 53?
40
What is the remainder when 384 is divided by 83?
52
Calculate the remainder when 447 is divided by 75.
72
Calculate the remainder when 1714 is divided by 6.
4
What is the remainder when 160 is divided by 42?
34
What is the remainder when 333 is divided by 83?
1
Calculate the remainder when 442 is divided by 74.
72
Calculate the remainder when 269 is divided by 69.
62
Calculate the remainder when 619 is divided by 57.
49
What is the remainder when 43 is divided by 16?
11
Calculate the remainder when 333 is divided by 202.
131
Calculate the remainder when 1003 is divided by 310.
73
Calculate the remainder when 20 is divided by 12.
8
What is the remainder when 53 is divided by 11?
9
Calculate the remainder when 404 is divided by 12.
8
What is the remainder when 232 is divided by 18?
16
What is the remainder when 44 is divided by 22?
0
Calculate the remainder when 172 is divided by 92.
80
Calculate the remainder when 558 is divided by 56.
54
Calculate the remainder when 134 is divided by 20.
14
Calculate the remainder when 815 is divided by 123.
77
What is the remainder when 410 is divided by 59?
56
Calculate the remainder when 45777 is divided by 210.
207
What is the remainder when 749 is divided by 47?
44
What is the remainder when 382 is divided by 42?
4
What is the remainder when 302 is divided by 52?
42
What is the remainder when 226 is divided by 12?
10
What is the remainder when 1041 is divided by 174?
171
What is the remainder when 1184 is divided by 15?
14
Calculate the remainder when 327 is divided by 4.
3
What is the remainder when 1058 is divided by 9?
5
Calculate the remainder when 146 is divided by 75.
71
Calculate the remainder when 320 is divided by 116.
88
Calculate the remainder when 828 is divided by 263.
39
What is the remainder when 230 is divided by 62?
44
What is the remainder when 199 is divided by 24?
7
Calculate the remainder when 6541 is divided by 99.
7
What is the remainder when 199 is divided by 17?
12
What is the remainder when 45 is divided by 15?
0
What is the remainder when 336 is divided by 168?
0
Calculate the remainder when 9 is divided by 5.
4
What is the remainder when 38 is divided by 2?
0
What is the remainder when 71 is divided by 12?
11
Calculate the remainder when 95 is divided by 12.
11
What is the remainder when 129 is divided by 72?
57
What is the remainder when 339 is divided by 9?
6
Calculate the remainder when 261 is divided by 30.
21
What is the remainder when 109 is divided by 48?
13
Calculate the remainder when 292 is divided by 49.
47
What is the remainder when 168 is divided by 68?
32
Calculate the remainder when 20459 is divided by 110.
109
Calculate the remainder when 57 is divided by 31.
26
Calculate the remainder when 57 is divided by 32.
25
Calculate the remainder when 2538 is divided by 150.
138
Calculate the remainder when 809 is divided by 120.
89
What is the remainder when 292 is divided by 49?
47
What is the remainder when 1565 is divided by 74?
11
What is the remainder when 104 is divided by 26?
0
What is the remainder when 5616 is divided by 137?
136
Calculate the remainder when 491 is divided by 41.
40
Calculate the remainder when 197 is divided by 45.
17
Calculate the remainder when 24 is divided by 22.
2
Calculate the remainder when 72 is divided by 11.
6
Calculate the remainder when 1099 is divided by 384.
331
Calculate the remainder when 251 is divided by 154.
97
What is the remainder when 1591 is divided by 145?
141
What is the remainder when 2585 is divided by 858?
11
Calculate the remainder when 205 is divided by 19.
15
Calculate the remainder when 2161 is divided by 47.
46
Calculate the remainder when 537 is divided by 27.
24
Calculate the remainder when 79 is divided by 74.
5
Calculate the remainder when 1143 is divided by 104.
103
Calculate the remainder when 36959 is divided by 280.
279
What is the remainder when 21 is divided by 11?
10
Calculate the remainder when 1322 is divided by 21.
20
Calculate the remainder when 148 is divided by 25.
23
What is the remainder when 2461 is divided by 213?
118
Calculate the remainder when 827 is divided by 270.
17
Calculate the remainder when 2655 is divided by 25.
5
What is the remainder when 730 is divided by 43?
42
What is the remainder when 6334 is divided by 12?
10
Calculate the remainder when 119 is divided by 75.
44
What is the remainder when 116 is divided by 43?
30
What is the remainder when 815 is divided by 136?
135
Calculate the remainder when 347 is divided by 10.
7
Calculate the remainder when 357 is divided by 120.
117
Calculate the remainder when 611 is divided by 102.
101
What is the remainder when 949 is divided by 14?
11
What is the remainder when 2209 is divided by 13?
12
Calculate the remainder when 5600 is divided by 19.
14
Calculate the remainder when 103 is divided by 23.
11
Calculate the remainder when 505 is divided by 127.
124
What is the remainder when 10474 is divided by 9?
7
Calculate the remainder when 213 is divided by 31.
27
What is the remainder when 1604 is divided by 53?
14
Calculate the remainder when 141 is divided by 52.
37
Calculate the remainder when 42 is divided by 32.
10
What is the remainder when 1174 is divided by 239?
218
What is the remainder when 460 is divided by 14?
12
What is the remainder when 234 is divided by 12?
6
Calculate the remainder when 374 is divided by 28.
10
What is the remainder when 348 is divided by 115?
3
What is the remainder when 25 is divided by 9?
7
Calculate the remainder when 207 is divided by 19.
17
What is the remainder when 22686 is divided by 32?
30
What is the remainder when 141 is divided by 43?
12
Calculate the remainder when 28 is divided by 7.
0
What is the remainder when 144 is divided by 5?
4
Calculate the remainder when 570 is divided by 256.
58
What is the remainder when 4512 is divided by 18?
12
Calculate the remainder when 453 is divided by 38.
35
Calculate the remainder when 193 is divided by 40.
33
Calculate the remainder when 5294 is divided by 19.
12
Calculate the remainder when 1128 is divided by 36.
12
Calculate the remainder when 201 is divided by 104.
97
Calculate the remainder when 406 is divided by 106.
88
Calculate the remainder when 150 is divided by 58.
34
What is the remainder when 1334 is divided by 93?
32
What is the remainder when 329 is divided by 48?
41
Calculate the remainder when 3934 is divided by 31.
28
Calculate the remainder when 470 is divided by 115.
10
What is the remainder when 944 is divided by 43?
41
What is the remainder when 107 is divided by 9?
8
Calculate the remainder when 27229 is divided by 23.
20
What is the remainder when 96 is divided by 72?
24
Calculate the remainder when 785 is divided by 51.
20
Calculate the remainder when 141 is divided by 36.
33
Calculate the remainder when 370 is divided by 17.
13
Calculate the remainder when 205 is divided by 94.
17
Calculate the remainder when 188 is divided by 25.
13
Calculate the remainder when 2790 is divided by 354.
312
What is the remainder when 52 is divided by 3?
1
Calculate the remainder when 2050 is divided by 12.
10
Calculate the remainder when 34691 is divided by 15.
11
Calculate the remainder when 3244 is divided by 116.
112
Calculate the remainder when 83 is divided by 54.
29
What is the remainder when 377 is divided by 63?
62
Calculate the remainder when 265 is divided by 87.